5*b**2 - 7 - 2*b**2 - 2*b**2. Calculate the remainder when u(5) is divided by q.
0
Suppose 4*x + 528 = 4*i, x - 20*i = -15*i - 136. Let w = x - -141. Calculate the remainder when w is divided by 5.
0
Suppose -l = -5*d - 87, 5*l - 225 = 2*l - 3*d. Suppose 4*g - 41 = v + 27, 3*g = 2*v + 56. Calculate the remainder when l is divided by g.
13
Suppose 99*z = 163*z - 30208. Calculate the remainder when z is divided by 72.
40
Let c = 27831 - 24543. What is the remainder when 6579 is divided by c?
3
Let m(j) = 162*j + 686. What is the remainder when m(-4) is divided by 26?
12
Suppose 124*a - 90072 = -20345 + 117389. Calculate the remainder when a is divided by 126.
123
Suppose 4*x + 35 = -13. Let r be (1 + 1)/(x/18) + 8. Suppose -5 = r*q - 110. Calculate the remainder when 81 is divided by q.
18
Let o(h) = 5*h**2 + 11*h + 12. Let p = 38 + -34. Suppose 0 = -4*q, p*f = 2*q - 3*q - 20. What is the remainder when o(f) is divided by 17?
14
Let u = -398 - -462. What is the remainder when u is divided by 3/2 + 378/12?
31
Let l = 20227 - 19769. Calculate the remainder when 1841 is divided by l.
9
Let k(o) = -18*o**2 - 1113*o - 60. What is the remainder when k(-44) is divided by 5?
4
Let h = 10061 - 9512. What is the remainder when h is divided by 24?
21
Let k = 18373 + -18206. Calculate the remainder when 6008 is divided by k.
163
Suppose -3*y + 765 - 51 = 18*y. What is the remainder when y is divided by 18?
16
Suppose -641*p + 639*p - 3*i + 994 = 0, 0 = 4*p - 2*i - 2020. What is the remainder when p is divided by 72?
71
Let c(a) = 30*a**2 - 2*a + 1. Let p(u) = -u**2 - 131*u - 573. What is the remainder when p(-126) is divided by c(1)?
28
Let v(b) = 15*b + 112. Let n be v(-5). Suppose -6*f = -131 - n. What is the remainder when f is divided by 9?
1
Let l = 6289 + -6223. What is the remainder when 388 is divided by l?
58
Suppose 2*p - 146 = -0*p. Let l = -271100 - -271136. Calculate the remainder when p is divided by l.
1
Let v = 46 - 19. Let r(u) = 78*u**2 + 3*u + 5. Calculate the remainder when r(-1) is divided by v.
26
Let g = 1591 + -909. Calculate the remainder when g is divided by 162.
34
Suppose 53*z - 38*z = 810. Suppose -f + a - 12 = -28, -5*a - z = -3*f. Calculate the remainder when f is divided by 7.
6
Let c = -3682 - -3733. Calculate the remainder when 2312 is divided by c.
17
Suppose 0 = 5*i - 10, -4*i + 215 = 2*b - 461. What is the remainder when b is divided by 115?
104
Let b(k) = -k**3 - 11*k**2 - 2*k - 159. What is the remainder when 5122 is divided by b(-13)?
202
Suppose -3*b = -6*b - 30. Let f = b - -27. Calculate the remainder when f is divided by (16/(-6))/((-142)/213).
1
Let d = 83 + -183. Calculate the remainder when d/6*(-75)/10 is divided by 42.
41
Suppose 4*s + 4*o - 24 = 0, -4*s + 12*o - 13*o + 24 = 0. Let i = -187 + 192. What is the remainder when s is divided by i?
1
Let v = 61 - 48. Suppose f = 3*k + 2 + v, 5*f - 3*k - 15 = 0. Suppose 33 = -0*y + 3*y + 3*z, 2*y - z - 22 = f. Calculate the remainder when 31 is divided by y.
9
Let n(b) = b**3 + 12*b**2 - 9*b - 8. Let o be n(-12). Suppose 23*w = o + 107. What is the remainder when 60 is divided by w?
6
Let r(u) = 4*u**2 + 382*u - 2332. What is the remainder when r(6) is divided by 10?
4
Let s = -193 - -333. Suppose -5*n + n = -s. Let o = -10206 - -10225. What is the remainder when n is divided by o?
16
Let v(j) = 21*j - 119. Calculate the remainder when 1*2/(-11) + (-11849)/(-11) is divided by v(8).
48
Let c(t) = t**3 - 18*t**2 + 60*t + 103. Calculate the remainder when c(13) is divided by (-6)/21 - (-382)/14.
11
Let n = -9 - -28. Let w = -30241 - -30274. What is the remainder when w is divided by n?
14
Let f(p) = -57 + 17*p + 8*p - 56 + 105. Let a be f(1). Let x = a - -29. What is the remainder when x is divided by 8?
6
Suppose 0*r = 2*r - 10, 1081 = 4*x + r. Let j = -138 + x. What is the remainder when j is divided by 67?
64
Suppose -4*w + w = -3, 3*w - 2787 = -4*z. What is the remainder when z is divided by 13?
7
Suppose -2*k + 5*k = -3*f + 1839, 0 = -5*f - 4*k + 3061. What is the remainder when f is divided by 72?
33
Let x(n) = 17*n**2 + 65*n + 38. What is the remainder when x(-9) is divided by 13?
11
What is the remainder when 1735*(2/20 + (-85)/(-850)) is divided by 9?
5
Let b = 38613 - 38105. Calculate the remainder when 2039 is divided by b.
7
Suppose -5*c + 1113 = -3*r - r, 3*c - 5*r = 660. Calculate the remainder when c is divided by (-20)/(-35) + (-248)/(-7).
9
Let p = -1636 + 2394. Calculate the remainder when p is divided by 9.
2
Let q be 12/(-9)*(-9 + 57). Let x = -20 - q. Suppose -3*s + 0*s + 72 = 0. Calculate the remainder when x is divided by s.
20
Let a(r) = r**3 - 17*r**2 - 19*r + 27. Let w be a(18). Suppose -w*h - h = -190. Suppose 0 = -8*l + 211 - h. Calculate the remainder when 45 is divided by l.
21
Suppose -2*k - 2*k - 168 = 0. Let w = -19 - k. What is the remainder when w is divided by (((-120)/16)/3)/((-2)/4)?
3
Suppose 0 + 4 = -p, -5*z - 3*p = -8. Suppose 0 = -9*n - 15 - 3. Calculate the remainder when (21 - 3) + (3 - (1 - n)) is divided by z.
2
Let z = 3554 + 2700. What is the remainder when z is divided by 27?
17
Let c be 651/9 + 15/(-45). What is the remainder when ((c/(-14))/(-1))/((-18)/(-819)) is divided by 34?
30
Suppose 201 = 3*y + 4*h, 5*y + 462*h = 460*h + 349. Calculate the remainder when 277 is divided by y.
64
Let v = 3518 + -3495. Calculate the remainder when 65 is divided by v.
19
Let s = 124 - 34. Let i = -1021 - -1034. What is the remainder when s is divided by i?
12
Let w(r) = r - 2. Suppose 0 = 1005*y - 1004*y - g - 29, 3*y - 24 = -4*g. Calculate the remainder when y is divided by w(5).
2
Let g be ((-14)/63)/((-3)/27). Let y(l) = -l**3 + 5 - 8*l + 9 + 6*l**g - 8. What is the remainder when y(4) is divided by 6?
0
Suppose -4*f + 929 = f - 2*c, 0 = f - 5*c - 172. Calculate the remainder when 531 is divided by f.
157
Let w = 516 - 506. Calculate the remainder when 47*((-12)/(-3))/4 is divided by w.
7
Let n = -7841 - -8155. Calculate the remainder when n is divided by 172.
142
Let b(t) = -3*t**3 - 8*t**2 - 6*t + 3. Suppose -4*u - 2850 + 3135 = 5*w, -66 = -u - 2*w. Calculate the remainder when b(-6) is divided by u.
79
Suppose 4*i = -z + 142, 62*i + 4*z - 183 = 57*i. Calculate the remainder when (-3)/6*-4*157 is divided by i.
34
Suppose 5*l = 5*i - 365, 2*i - 3*l - 147 = -0*i. Suppose 2*y - 102 = 4*n, -4*y = n - i - 114. Let h = y + -21. What is the remainder when 77 is divided by h?
25
Suppose 46*r = 56*r - 20. Suppose -v - 2*k + 54 = 0, -r*k = -5*v + 3*k + 195. What is the remainder when v is divided by 26?
18
Let b be 27/1*(-2)/6. Calculate the remainder when 2 - ((-985)/5 - b) is divided by 14.
8
Let x(q) = -q + 17. Let f = -35 - -50. Let s be x(f). Suppose -5*n - d + 322 = 0, -5*n = -s*d - 527 + 196. What is the remainder when n is divided by 34?
31
Let i be 208/40 + 2/(-10). Suppose 0 = -4*q - 5*n + 49, i*n = -q - 0*n + 1. Let l = 316 + -313. What is the remainder when q is divided by l?
1
What is the remainder when (154 - 9)*(-15)/(-25) is divided by ((-12)/(-8))/((-5)/(-70))?
3
Let q = 39116 - 38890. Calculate the remainder when 1636 is divided by q.
54
Let j be 2 + 3 - (8 + -28). What is the remainder when 1*(j - -7 - 0/(-3)) is divided by 15?
2
Suppose -f = 5*s - 23, 2*f - 4*s - 53 = -7*s. What is the remainder when 530 is divided by f?
26
Let c(j) = j**2 + 40. Let s = -56859 + 57014. Calculate the remainder when s is divided by c(0).
35
Calculate the remainder when 4873 is divided by (13 + -17)/(60/(-585)).
37
Suppose 3143 + 18957 = 42*f + 8*f. Calculate the remainder when f is divided by 30.
22
Calculate the remainder when 1 - (-4192 + 10*3/6 - 6) is divided by 1390.
24
Let j(p) = p**2 + 19*p + 7. Let k = -6 + 14. Let z = k - -5. Calculate the remainder when z is divided by j(-19).
6
Let c(t) = t**3 + 8*t**2 - 11*t - 2. Let p be c(-9). Suppose -13*q - 1542 = 473. What is the remainder when q/(-4) - (-4)/p is divided by 10?
9
Let n(j) = -2*j**2 - 20*j + 27. Let t be n(-11). Suppose 0 = t*k - 542 - 258. Let l = k - 52. Calculate the remainder when l is divided by 10.
8
Let j(l) be the third derivative of l**4/12 + 17*l**3/6 + 44*l**2. Let v be j(16). Suppose -208 = -p - v. What is the remainder when p is divided by 16?
15
Let p(